{"id":13166,"date":"2018-05-05T12:25:26","date_gmt":"2018-05-05T12:25:26","guid":{"rendered":"http:\/\/www.servetimskincarehouse.com\/?page_id=13166"},"modified":"2018-05-05T13:05:34","modified_gmt":"2018-05-05T13:05:34","slug":"cilt-bakim-uygulamalari","status":"publish","type":"page","link":"https:\/\/www.servetimskincarehouse.com\/index.php\/hizmetlerimiz\/cilt-bakim-uygulamalari\/","title":{"rendered":"Phy Mong She Cilt Bak\u0131m Uygulamalar\u0131"},"content":{"rendered":"<p>Cilt bak\u0131m\u0131 i\u00e7in kullan\u0131lan\u00a0<strong>PHY-MONG-SHE\u00a0<\/strong>Kore\u2019de \u00fcretilmektedir. <strong>Markan\u0131n sembol\u00fc<\/strong> turkuaz renginde bir a\u011fa\u00e7 ve bej bir fon. Bu renklerin ve nesnenin her birinin anlamlar\u0131 var.<\/p>\n<p><strong><img loading=\"lazy\" decoding=\"async\" class=\"size-medium wp-image-13034 alignright\" src=\"http:\/\/czajans.com\/servetim\/wp-content\/uploads\/2018\/03\/phy-mong-she-servetim-logo-300x300.jpg\" alt=\"\" width=\"300\" height=\"300\" \/>Turkuaz<\/strong> r\u00fcya rengini simgeler, Feng Shui de bu renk g\u00f6k ve sudur, <strong>bej <\/strong>ise cildin rengini simgeler ve Feng Shui\u2019de insan, toprak ve a\u011fa\u00e7t\u0131r. Dolay\u0131s\u0131yla bu renklerin birle\u015fimi g\u00f6k y\u00fcz\u00fcnde do\u011fa ile beraber ya\u015fayan her \u015feyi kapsar.<\/p>\n<p><strong>A\u011fa\u00e7 sembol\u00fc<\/strong> k\u00f6klerini topra\u011fa vermi\u015f, t\u00fcm ya\u015fam i\u00e7in element ihtiya\u00e7lar\u0131n\u0131 topraktan alan ve dallar\u0131 ile g\u00f6klere uzanarak oksijen ve g\u00fcne\u015f enerjisini havadan alan bir sembold\u00fcr.<\/p>\n<blockquote><p><strong>\u00dcr\u00fcn\u00fcn felsefesi<\/strong>\u00a0do\u011fa ile beraber ya\u015fayan bir marka olmakt\u0131r. Do\u011fan\u0131n insanlara verdi\u011fi faydalar gibi bu \u00fcr\u00fcnler g\u00fczelli\u011finizi sa\u011fl\u0131kl\u0131 bir \u015fekilde koruyacakt\u0131r.<\/p><\/blockquote>\n<p>&nbsp;<\/p>\n<hr \/>\n<p><strong>PHY-MONG-SHE UYGULAMALARI<\/strong><\/p>\n<p><strong><img loading=\"lazy\" decoding=\"async\" class=\"wp-image-13033 size-full alignleft\" src=\"http:\/\/czajans.com\/servetim\/wp-content\/uploads\/2018\/03\/phymongshe-servetim.png\" alt=\"\" width=\"596\" height=\"418\" \/>Water Blossom Hydra Balance \/ 60 dk \/ <\/strong>Ba\u011f\u0131\u015f\u0131kl\u0131\u011f\u0131 geri kazand\u0131ran yo\u011fun nem bak\u0131m\u0131d\u0131r. Kuru, hassas cildi normal nem durumuna kavu\u015fturur. G\u00fc\u00e7l\u00fc nem takviye program\u0131 ve aromatik mumya terapisinin kombinasyonu ile cildin ba\u011f\u0131\u015f\u0131kl\u0131k sistemini g\u00fc\u00e7lendirir. Serinletici ve derin hijyen kokular\u0131 ile bedeni rahatlat\u0131r ve iyi hissettirir. Uygulamadan sonra ki\u015fi cildinin derinlemesine nemlendi\u011fini ve serinledi\u011fini hisseder.<\/p>\n<p><strong>Corset Repairing &#8211; Pore Clean Tightening \/ 60 dk \/ <\/strong>Ya\u011fl\u0131, problemli, geni\u015f g\u00f6zenekli ve ya\u011f \u00fcretimi fazla olan ciltler i\u00e7in ideal bir bak\u0131md\u0131r. G\u00f6zenekleri s\u0131k\u0131la\u015ft\u0131ran tamir edici korse bak\u0131m\u0131d\u0131r. Yo\u011fun i\u00e7eri\u011fi sayesinde a\u015f\u0131r\u0131 sebum \u00fcretiminden kaynaklanan sorunlar\u0131 azalt\u0131r. Akdeniz \u00e7amuru ile Tea Tree oil aromas\u0131 kombinasyonu sayesinde cildi tahri\u015f etmeden dengeler. G\u00f6zeneklerin geni\u015flemesini \u00f6nleyerek cilt elastikiyetini kazand\u0131r\u0131r.<\/p>\n<p><strong>White Toning Clearance \/ 60 dk \/ <\/strong>Beyazlat\u0131c\u0131 v cilt tonu a\u00e7\u0131c\u0131 bak\u0131m. Cildin \u0131\u015f\u0131lt\u0131s\u0131n\u0131 art\u0131r\u0131r ve cildin kendini yenileme kabiliyetini g\u00fc\u00e7lendirir. Melanin \u00fcremesini \u00f6nler. Bu program pigmentasyona (lekelenmeye) sebep olan ana etkenleri azalt\u0131p yok etmeye y\u00f6nelik g\u00fc\u00e7l\u00fc bir bak\u0131md\u0131r. \u0130\u00e7eri\u011findeki orijinal beyaz \u00e7i\u00e7ek kompleksi sayesinde cildin renk tonunu a\u00e7ar ve ayd\u0131nlat\u0131r.<\/p>\n<p><strong>Age Shield Revitalize &#8211; Enriched \/ 60 dk \/<\/strong>K\u0131r\u0131\u015f\u0131kl\u0131k a\u00e7\u0131c\u0131 ve toparlay\u0131c\u0131 cilt bak\u0131m\u0131d\u0131r. Yo\u011fun besleyici takviyeleri ile cildin yenilenmesine yard\u0131mc\u0131 olur. Roseth tatl\u0131 g\u00fcl aromas\u0131 ve y\u00fcksek nemlendirici kar maskesi ile yorgun ve gev\u015femi\u015f ciltlere canl\u0131l\u0131k verir. Tatl\u0131 g\u00fcl aromas\u0131 zihin ve bedenin kendini iyi hissetmesine de yard\u0131mc\u0131 olur.<\/p>\n<hr \/>\n<h2><strong>PHY-MONG-SHE<\/strong><strong>\u00a0\u00d6ZEL K\u00dcRLER <\/strong><\/h2>\n<p><strong>GREEN X PEEL PROFESYONEL K\u0130MYASAL PEEL\u0130NG \/ 90 dk \/ <\/strong>AHA ve BHA lar ile , cildin \u00f6l\u00fc deri tabakas\u0131n\u0131n kolayl\u0131kla ve g\u00fcvenli olarak temizlenmesini sa\u011flayarak ,yenilenmi\u015f taze cilt dokusunun y\u00fczeye \u00e7\u0131kmas\u0131n\u0131 sa\u011flar. Daha yumu\u015fak , daha dinamik , daha sa\u011flam cilt olu\u015fumuna yard\u0131mc\u0131 olur. Efektif etkisi tek seansta g\u00f6r\u00fclebilen , en h\u0131zl\u0131 ve en g\u00fcvenli kimyasal peeling metodudur.<\/p>\n<p><strong><img loading=\"lazy\" decoding=\"async\" class=\"size-medium wp-image-13019 alignleft\" src=\"http:\/\/czajans.com\/servetim\/wp-content\/uploads\/2018\/03\/servetim-skin-care-house-phy-mong-she-300x197.jpg\" alt=\"\" width=\"300\" height=\"197\" \/>28 DAK\u0130KADA GEN\u00c7LE\u015eT\u0130RME BAKIMI \/ 60 dk \/ <\/strong>Bademden ekstre edilen do\u011fal peptid i\u00e7eren bu maske cildin elastikiyetini art\u0131r\u0131r ve h\u0131z\u0131 bir kald\u0131rma sa\u011flar.<\/p>\n<p>\u0130\u00e7erikler: Polilift, Bio-EDS, KolajenDo\u011fal peptid ekstreleri, Yulaf proteini, Kolajen i\u00e7eren \u00f6zel elastikiyet artt\u0131r\u0131c\u0131 lifting maskesi ile birlikte uygulanan Konnektif doku masaj\u0131 sayesinde cildi toksinlerinden ar\u0131nd\u0131r\u0131r. Lifting etkisi yarat\u0131r. Ayd\u0131nlanm\u0131\u015f ve dinlenmi\u015f g\u00f6r\u00fcn\u00fcm\u00fcne 28 dakikada kavu\u015fturur.<\/p>\n<p><strong>SWANIPEEL &#8211; C\u0130LT YEN\u0130LEME PEEL\u0130NG PROGRAMI \/ 90 dk \/ <\/strong>Dokuz farkl\u0131 \u00e7e\u015fit do\u011fal bitki ekstresi ile kombine edilmi\u015f, cildin yenilenmesine yard\u0131mc\u0131, do\u011fal profesyonel peeling sistemi. Temiz denizlerde ya\u015fayan, s\u00fcngerlerden elde edilen mikro i\u011fnelerle sa\u011fl\u0131kl\u0131 cilt yenilenmesi sa\u011flar. Mayalanm\u0131\u015f i\u00e7eri\u011fi ile cildin enerjisini artt\u0131r\u0131r. Olgun cildi yeniler. K\u0131r\u0131\u015f\u0131kl\u0131klar\u0131 azalt\u0131r. Leke ve pigmentasyonda, geni\u015flemi\u015f g\u00f6zeneklerde, kal\u0131nla\u015fm\u0131\u015f ciltlerde, akne izlerinde azalmaya yard\u0131mc\u0131 olur ve\u00a0 cildin yeniden yap\u0131lanmas\u0131n\u0131 sa\u011flar.<\/p>\n<p><strong>PLATINUM TOUCH PEEL \/ 90 dk \/ <\/strong>\u00c7e\u015fitli meyvelerden elde edilen AHA\u2019lar ve Beyaz S\u00f6\u011f\u00fct a\u011fac\u0131n\u0131n kabuklar\u0131ndan elde edilen BHA\u2019lar\u0131n sinerjisinin g\u00fcc\u00fc bu uygulamada rol oynar. Platinum Touch peel yumu\u015fak soyucu gen\u00e7le\u015ftirici bak\u0131md\u0131r. Uyguland\u0131\u011f\u0131 andan itibaren ciltte fark yarat\u0131r. Derin soymaz ama cilde an\u0131nda \u0131\u015f\u0131lt\u0131 kazand\u0131r\u0131r. Ani g\u00fczelle\u015fme gerekti\u011finde, d\u00fc\u011f\u00fcn, foto\u011fraf \u00e7ekimi, \u00f6zel bir randevu \u00f6ncesinde uygulanmas\u0131 tavsiye edilir.<\/p>\n<h3><em><strong>PHY MONG SHE \u00dcR\u00dcNLER\u0130NDE YER\u0130 OLMAYAN MADDELER: <\/strong><\/em><em>PARABEN \/ FENOKS\u0130ETANOL \/ YAPAY RENKLEND\u0130R\u0130C\u0130LER \/ YAPAY PARF\u00dcMLER \/ M\u0130NERAL YA\u011e \/ BENZOFENON \/ TEA TR\u0130ETANOLAM\u0130N<\/em><\/h3>\n<p><em>Bu maddelerin cilde olas\u0131 zarar verebildi\u011fi bildirildi\u011finden itibaren, PhyMongShe bu maddeleri \u00fcr\u00fcnlerinden \u00e7\u0131kartm\u0131\u015ft\u0131r. Dolay\u0131s\u0131yla \u00fcr\u00fcnler \u201c0\u201d risk ile daha g\u00fcvenilir bir \u015fekilde ciltlere tatbik edilecektir.<\/em><\/p>\n<blockquote>\n<h3>Phy Mong She, diyor ki bizim \u00fcr\u00fcnlerimizi \u00e7ocuklar\u0131n\u0131za rahatl\u0131kla kullanabilirsiniz, \u00e7\u00fcnk\u00fc zararl\u0131 hi\u00e7 bir madde yoktur ve do\u011fa ile dost \u00fcr\u00fcnlerdir.<\/h3>\n<\/blockquote>\n<div class=\"_5aj7 _3-8j _20ud\">\n<div class=\"_4bl9\">\n<div>\n<p>Servetim Skincare House\u2019un sundu\u011fu t\u00fcm hizmetler i\u00e7in l\u00fctfen <a href=\"https:\/\/www.servetimskincarehouse.com\/index.php\/hizmetlerimiz\/\" target=\"_blank\" rel=\"noopener\"><strong>H\u0130ZMETLER\u0130M\u0130Z<\/strong> <\/a>sayfas\u0131n\u0131 ziyaret ediniz.<\/p>\n<p>Bug\u00fcne kadar yapt\u0131klar\u0131m\u0131z i\u00e7in ise <strong><a href=\"https:\/\/www.servetimskincarehouse.com\/index.php\/biz-neler-yaptik\/\" target=\"_blank\" rel=\"noopener\">B\u0130Z NELER YAPTIK<\/a><\/strong> sayfas\u0131n\u0131 ziyaret ediniz.<\/p>\n<p><strong>Adresimiz:<\/strong><\/p>\n<div class=\"_5aj7 _3-8j _20ud\">\n<div class=\"_4bl9\">\n<div><span class=\"_2iem\">Yenimahalle Ni\u015fangah caddesi 54 Anadolu Hisar\u0131 Beykoz\u00a0<\/span><span class=\"_2iem\">\u0130stanbul<\/span><\/div>\n<\/div>\n<\/div>\n<div class=\"_5aj7 _3-8j _20ud\">\n<div class=\"_4bl9\">\n<div>Telefon: 0532 421 01 42<\/div>\n<\/div>\n<\/div>\n<\/div>\n<\/div>\n<\/div>\n","protected":false},"excerpt":{"rendered":"<p>Cilt bak\u0131m\u0131 i\u00e7in kullan\u0131lan\u00a0PHY-MONG-SHE\u00a0Kore\u2019de \u00fcretilmektedir. Markan\u0131n sembol\u00fc turkuaz renginde bir a\u011fa\u00e7 ve bej bir fon. Bu renklerin ve nesnenin her birinin anlamlar\u0131 var. Turkuaz r\u00fcya rengini simgeler, Feng Shui de bu renk g\u00f6k ve sudur, bej ise cildin rengini simgeler ve Feng Shui\u2019de insan, toprak ve a\u011fa\u00e7t\u0131r. Dolay\u0131s\u0131yla bu renklerin birle\u015fimi g\u00f6k y\u00fcz\u00fcnde do\u011fa ile [&hellip;]<\/p>\n","protected":false},"author":1,"featured_media":0,"parent":13027,"menu_order":0,"comment_status":"closed","ping_status":"closed","template":"","meta":{"footnotes":""},"_links":{"self":[{"href":"https:\/\/www.servetimskincarehouse.com\/index.php\/wp-json\/wp\/v2\/pages\/13166"}],"collection":[{"href":"https:\/\/www.servetimskincarehouse.com\/index.php\/wp-json\/wp\/v2\/pages"}],"about":[{"href":"https:\/\/www.servetimskincarehouse.com\/index.php\/wp-json\/wp\/v2\/types\/page"}],"author":[{"embeddable":true,"href":"https:\/\/www.servetimskincarehouse.com\/index.php\/wp-json\/wp\/v2\/users\/1"}],"replies":[{"embeddable":true,"href":"https:\/\/www.servetimskincarehouse.com\/index.php\/wp-json\/wp\/v2\/comments?post=13166"}],"version-history":[{"count":5,"href":"https:\/\/www.servetimskincarehouse.com\/index.php\/wp-json\/wp\/v2\/pages\/13166\/revisions"}],"predecessor-version":[{"id":13181,"href":"https:\/\/www.servetimskincarehouse.com\/index.php\/wp-json\/wp\/v2\/pages\/13166\/revisions\/13181"}],"up":[{"embeddable":true,"href":"https:\/\/www.servetimskincarehouse.com\/index.php\/wp-json\/wp\/v2\/pages\/13027"}],"wp:attachment":[{"href":"https:\/\/www.servetimskincarehouse.com\/index.php\/wp-json\/wp\/v2\/media?parent=13166"}],"curies":[{"name":"wp","href":"https:\/\/api.w.org\/{rel}","templated":true}]}}